 Let s(i) = 42*i - 294. Let r be s(7). Suppose x*u - 2 = -r. What is the units digit of u?
1
What is the units digit of (-1)/19 - 29216044/(-2717)?
3
Let f = -38897 - -57031. What is the thousands digit of f?
8
Let l(q) = 1243*q + 3324. What is the ten thousands digit of l(22)?
3
Suppose 0 = 4*r + 1 - 9. Let f = -3039 + 3095. Suppose -5*p + f = r*p. What is the units digit of p?
8
Let g(p) = -52*p - 50. Suppose -39 = 2*q - 23. What is the units digit of g(q)?
6
Suppose -z + 16 = -5*z, -4*o = -z - 484. Suppose -1036 = 106*v - o*v. What is the tens digit of v?
7
Let i = -11005 - -23983. What is the ten thousands digit of i?
1
Let g(u) = 7*u**2 - 6*u - 18. Let f be g(-2). Suppose -h + f*y - 19*y + 1619 = 0, 0 = 5*y - 5. What is the tens digit of h?
2
Let p(g) = -15*g + 128. Let s(y) be the third derivative of -5*y**4/24 + 43*y**3/6 - 13*y**2. Let f(w) = 3*p(w) - 8*s(w). What is the tens digit of f(-13)?
0
Let u be 12/(-4) - 30/(-2). Suppose -3680 = 2*n - u*n. What is the hundreds digit of n?
3
Let q be (7/(42/40) - (-77 + 83))*39. Let l = 1 - -1. Let u = q + l. What is the units digit of u?
8
Let c = -619 + 3516. What is the thousands digit of c?
2
Suppose 14774 = t + 3366. Suppose -9*r + t = 7*r. What is the tens digit of r?
1
Suppose a - 26 = -29. Let u(h) = -103*h - 17. What is the units digit of u(a)?
2
What is the thousands digit of (-20 + 11)/(3/(-1865))?
5
Let j(b) = 154*b - 15 - 21*b**2 + 4*b**3 - 2 - 6 - 83*b - 75*b. What is the tens digit of j(9)?
5
Let q(x) be the first derivative of 25*x**3/3 - x**2 - x + 9. Let u be q(-1). Let g = 51 + u. What is the units digit of g?
7
Let r be -15 - (2 - 2 - 1). Let w(h) = -h**3 - h**2 - h. Let z(l) = 3*l**3 + 16*l**2 + l + 11. Let b(j) = 2*w(j) + z(j). What is the tens digit of b(r)?
2
Let w be 4/((-16)/12) + 60. Let i = w + -57. What is the hundreds digit of (-24)/(i + 5/(-30))?
1
Suppose -3*t = -4*b + 35, -6 = 5*b + t - 45. Suppose v + b = 3*k - 9, 25 = -5*v. What is the hundreds digit of 3/15 - k/((-80)/3716)?
1
Let o be -2 - (-4 - (-5 + (-6)/(-2))). Suppose o = -14*v + 11*v + 2049. What is the units digit of v?
3
Suppose 28 = 3*y + 10. Let p be (0 + y/15)*5. Suppose p*o - 48 = 30. What is the units digit of o?
9
Suppose 0*u + 3*u = 3*d - 146370, -3*u - 243954 = -5*d. What is the thousands digit of d?
8
Let a be (-2 - -12)*13/2. Suppose -66*c + a*c = 9. Let k(o) = -7*o + 27. What is the tens digit of k(c)?
9
Let d = -1885 - -5636. What is the units digit of d?
1
Let h = 8808 + 4586. What is the ten thousands digit of h?
1
Suppose -46*t - 27*t + 629698 = 0. What is the hundreds digit of t?
6
Let t(x) = 36*x + 3. Let w(k) = k**2 - 5*k + 7. Let f be w(6). Let s(z) = -73*z - 7. Let j(b) = f*t(b) + 6*s(b). What is the tens digit of j(3)?
8
Suppose c - 3*v - 44804 = -c, 0 = -v. What is the thousands digit of c?
2
Let v be 0 + (-2)/9 - 80/(-36). Let j(u) = v*u**2 - u**3 + 6*u**2 + 13 + 757*u - 749*u. What is the tens digit of j(8)?
7
Let z = 889 - 3759. Let i = -1976 - z. What is the hundreds digit of i?
8
Suppose 0 = 4*g - 3*t + 36, -7*t - 8 = 4*g - 3*t. Suppose 3*u - 8*o = -5*o + 219, 3*o = -3*u + 195. Let h = g + u. What is the tens digit of h?
6
Let p = 7 + -9. Let f be -6*(p/(-1) - (-7)/(-3)). Suppose 40 = 4*o - 4*x, 1 = -o - f*x + 2. What is the units digit of o?
7
Let n(v) = -111*v**3 + 3*v**2 - 9*v - 2. Let p be n(-4). Suppose 1628 + p = 13*s. What is the tens digit of s?
7
Suppose -4*l + 5*x = -128781, -2*l + 517*x = 520*x - 64363. What is the thousands digit of l?
2
Let s(y) = y**3 - 10*y**2 - 4*y + 4. Let f be s(10). Let q = f - -40. Suppose 139 = q*m - 1. What is the units digit of m?
5
Let h(r) = 33*r + 59. Let p be (120 + -15)*4/10. What is the units digit of h(p)?
5
Suppose -i - 20804 = 49*z - 51*z, -4*z + 4*i = -41612. What is the ten thousands digit of z?
1
Let h(i) = -2*i - 3. Let v be 2 - (19/(-7) + (-4)/14). Suppose n - 5*m = v*n + 58, 2*n + 36 = m. What is the tens digit of h(n)?
3
Let g = -9513 + 10107. What is the tens digit of g?
9
Suppose -4962 = 3*a + 1731. What is the hundreds digit of a/(-4) - 20/(-16)?
5
Let l(c) = -3879*c**3 + 23*c**2 - 2*c - 3. What is the tens digit of l(-1)?
0
Let x = 146 + -59. Let a = -2728 + 2733. Let j = x + a. What is the tens digit of j?
9
What is the tens digit of 2/((-4)/(-10018)) + (-3 - 3)?
0
Let u(w) = 44*w**2 - 2*w - 109. What is the hundreds digit of u(-9)?
4
Suppose 2*i - 5*i - 55361 = -133142. What is the tens digit of i?
2
Suppose 9820 = -9*r + 45082. What is the hundreds digit of r?
9
Suppose -26*k - 26406 = -6*d - 27*k, -3*k = 3*d - 13218. What is the thousands digit of d?
4
Let y(b) = -73*b**3 - 53*b**2 + 14*b + 15. What is the hundreds digit of y(-6)?
7
Let t(q) = 87 - 73 - 12*q - 38 + 18*q**2. What is the hundreds digit of t(-5)?
4
Let m be 2/(((-8)/(-282))/((-34)/17)). Let k be (-24)/(-6) + -1 + m. Let u = -57 - k. What is the tens digit of u?
8
Let n(f) be the first derivative of -7*f**2/2 + 49*f - 14. Let q be n(-22). Suppose 2*l = -h + q, 0*l + 228 = 2*l - 4*h. What is the units digit of l?
4
Suppose 1200602 - 2920232 = -54*u. What is the tens digit of u?
4
Suppose -55*r + 68310 = -46*r. What is the tens digit of r?
9
Let c(k) = -7*k**2 + 26*k - 7. Let y(b) be the second derivative of -b**4/12 + b**3/6 + 2*b. Let a(w) = -c(w) + 5*y(w). What is the tens digit of a(11)?
1
Let m(b) = -10*b + 14. Let a(z) = -5*z**2 - 4*z - 3. Let w be a(-1). What is the tens digit of m(w)?
5
Suppose 41 = 17*g - 10. What is the hundreds digit of (-4)/g*927/(-6)?
2
Suppose 14*i - 13*i = -5. What is the tens digit of 370/(-4)*(i + 3)?
8
Let w(s) = -s**2 - 8*s - 3. Let y be w(-7). Suppose -4*h = -2*j + 8, -2*h - 5*j = -y*j - 4. Let g(o) = o**3 + 2*o + 101. What is the units digit of g(h)?
1
Suppose 3*g - 6 = -0*g. Let u be (-8)/(-2) + g + -4. Suppose -3*j + 88 = u*x, 2*x - x - 2*j = 44. What is the units digit of x?
4
Let s = 61 - 24. Let p = s + -13. Suppose -p*q = -26*q + 296. What is the hundreds digit of q?
1
Let k(r) = -r**3 + 2*r**2 - 4*r - 5. Let j be k(-4). Let h(b) = 5*b + 124. Let q be h(0). Suppose q = c - j. What is the units digit of c?
1
Let z(o) = -65*o**3 - 54*o**2 - 22*o - 68. What is the tens digit of z(-5)?
1
Suppose 45 + 111 = 39*v. Suppose -5*l + 916 = 2*n - 763, n - v*l - 807 = 0. What is the tens digit of n?
2
Suppose -3*v - 96 = -2*k, k = -5*v + 3*k - 160. Let m be 26*(85/10 - 6). Let o = m + v. What is the tens digit of o?
3
Let c(j) = 19*j**3 + 13*j**2 - 61*j + 13. Let g(i) = 11*i**3 + 7*i**2 - 31*i + 7. Let z(n) = -4*c(n) + 7*g(n). What is the units digit of z(8)?
3
Let z = -257 + 182. What is the tens digit of -2 - ((-84)/(-15))/(5/z)?
8
Let o(k) = 183*k - 21. Let s be o(8). Let a = s + -852. What is the tens digit of a?
9
Suppose 0 = -6*p - 174 + 84. What is the tens digit of (5/p + 38/(-12))*-262?
1
Suppose 2*w = 10, j + j = w + 5669. What is the hundreds digit of j?
8
Let y(z) be the second derivative of -10*z**2 - 8*z - 3/2*z**4 + 23/6*z**3 + 0 + 1/20*z**5. What is the units digit of y(17)?
2
Let f(z) = -151*z**2 - 4*z + 1. Let c(d) = -150*d**2 - 5*d + 1. Let n(i) = 4*c(i) - 5*f(i). Let a be n(1). Suppose 8*s - 6 = a. What is the units digit of s?
0
Let z(w) = -394*w + 2630. What is the hundreds digit of z(-14)?
1
What is the units digit of ((-160)/(-22) - (-159)/(-583)) + 19280?
7
Suppose -4*m - m = 4*y + 12, -2 = 3*y + 2*m. What is the hundreds digit of y + ((-19)/(-190) - 4059/(-10))?
4
Suppose 0 = 9*d + 2 + 25. Let s be d/(-12) + 1509/12. Suppose 0 = -2*o - 2*q + 128, -3*o + q - s = -5*o. What is the units digit of o?
2
Let d(v) = -127*v - 82. Suppose 5*h + 46 = 2*c + 16, -c = -h - 9. What is the tens digit of d(h)?
2
Suppose 153*m - 890528 - 1394527 = 0. What is the tens digit of m?
3
Let v = -328 + 333. Suppose -v*t = -t - 1036. What is the units digit of t?
9
Let a = 309 + -169. Let w be 532/a + (-1)/(-5). Suppose 2*p - 76 = -h + 216, -w*h = -4*p + 584. What is the tens digit of p?
4
Suppose 4755 = -6*m + 11*m. Suppose 0 = -8*z - m + 2447. What is the hundreds digit of z?
1
Suppose -2*p + 3*r = -38616, -2*p + 25*r - 26*r + 38640 = 0. What is the hundreds digit of p?
3
Let p be (8/(-12))/((-2)/12). Suppose -p*o - 8 = 0, 3*q - o - o - 16 = 0. Suppose 5*i = 5*g - 655, q*g - 348 - 171 = -i. What is the hundreds d